{"id":232,"date":"2016-08-14T11:31:18","date_gmt":"2016-08-14T10:31:18","guid":{"rendered":"http:\/\/www.prostoremacasem.cz\/?page_id=232"},"modified":"2024-12-15T22:58:01","modified_gmt":"2024-12-15T20:58:01","slug":"camera-incognita","status":"publish","type":"page","link":"https:\/\/www.prostoremacasem.cz\/?page_id=232","title":{"rendered":"Camera Incognita"},"content":{"rendered":"\n<div class=\"wp-block-group\"><div class=\"wp-block-group__inner-container is-layout-flow wp-block-group-is-layout-flow\">\n<p class=\"has-text-align-left\">P\u016fvodn\u00ed str\u00e1nky Sdru\u017een\u00ed pro cestopisnou dokumentaci <strong>Camera Incognita<\/strong> jsou ji\u017e n\u011bjakou dobu mimo provoz. Proto zde uv\u00e1d\u00edm zde odkazy na hlavn\u00ed projekty, kter\u00fdmi se oba cestovatel\u00e9, tedy <strong>Miroslav N\u00e1plava<\/strong> a <strong>Petr Hork\u00fd<\/strong> zab\u00fdvaj\u00ed v sou\u010dasn\u00e9 dob\u011b.<\/p>\n\n\n<div class=\"wp-block-image\">\n<figure class=\"aligncenter is-resized\"><a href=\"https:\/\/neznamazeme.cz\/\"><img decoding=\"async\" src=\"http:\/\/cestovatel.prostoremacasem.cz\/wp-content\/uploads\/2020\/11\/Neznama-zeme-logo.jpg\" alt=\"\" style=\"width:508px;height:auto\"\/><\/a><figcaption class=\"wp-element-caption\"><strong>Festival cestov\u00e1n\u00ed, sbli\u017eov\u00e1n\u00ed a pozn\u00e1v\u00e1n\u00ed kultur<\/strong> konan\u00fd ve Zl\u00edn\u011b od roku 1997<\/figcaption><\/figure>\n<\/div>\n\n\n<p>Prvn\u00ed ro\u010dn\u00edk festivalu Nezn\u00e1m\u00e1 zem\u011b byl v\u011bnov\u00e1n pades\u00e1t\u00e9mu v\u00fdro\u010d\u00ed startu dvojice Zikmund a Hanzelka, v roce 1947. Miroslav N\u00e1plava je \u0159editelem tohoto festivalu.<\/p>\n\n\n\n<p>Od roku 2020 je po\u0159adatelem festivalu produk\u010dn\u00ed spole\u010dnost Petra Hork\u00e9ho &#8211; Piranha film<\/p>\n\n\n<div class=\"wp-block-image\">\n<figure class=\"aligncenter\"><a href=\"http:\/\/www.srdcari.cz\" rel=\"attachment wp-att-340\"><img loading=\"lazy\" decoding=\"async\" width=\"1024\" height=\"226\" src=\"https:\/\/www.prostoremacasem.cz\/wp-content\/uploads\/2016\/08\/Srdca\u0159i.jpg\" alt=\"\" class=\"wp-image-340\" srcset=\"https:\/\/www.prostoremacasem.cz\/wp-content\/uploads\/2016\/08\/Srdca\u0159i.jpg 1024w, https:\/\/www.prostoremacasem.cz\/wp-content\/uploads\/2016\/08\/Srdca\u0159i-300x66.jpg 300w, https:\/\/www.prostoremacasem.cz\/wp-content\/uploads\/2016\/08\/Srdca\u0159i-768x170.jpg 768w\" sizes=\"auto, (max-width: 767px) 89vw, (max-width: 1000px) 54vw, (max-width: 1071px) 543px, 580px\" \/><\/a><figcaption class=\"wp-element-caption\">Tabletov\u00fd magaz\u00edn SRDCA\u0158I.CZ, jeho\u017e je Miroslav N\u00e1plava \u0161\u00e9fredaktorem.<\/figcaption><\/figure>\n<\/div>\n\n\n<figure class=\"wp-block-image\"><a href=\"https:\/\/www.prostoremacasem.cz\/wp-content\/uploads\/2021\/04\/piranha_barva_poz_pruh.gif\" rel=\"attachment wp-att-341\"><img loading=\"lazy\" decoding=\"async\" width=\"1299\" height=\"354\" src=\"https:\/\/www.prostoremacasem.cz\/wp-content\/uploads\/2021\/04\/piranha_barva_poz_pruh.gif\" alt=\"\" class=\"wp-image-870\"\/><\/a><\/figure>\n\n\n\n<p>Filmov\u00e1 a produk\u010dn\u00ed spole\u010dnost Petra Hork\u00e9ho a jeho p\u0159\u00e1tel<\/p>\n<\/div><\/div>\n","protected":false},"excerpt":{"rendered":"<p>P\u016fvodn\u00ed str\u00e1nky Sdru\u017een\u00ed pro cestopisnou dokumentaci Camera Incognita jsou ji\u017e n\u011bjakou dobu mimo provoz. Proto zde uv\u00e1d\u00edm zde odkazy na hlavn\u00ed projekty, kter\u00fdmi se oba cestovatel\u00e9, tedy Miroslav N\u00e1plava a Petr Hork\u00fd zab\u00fdvaj\u00ed v sou\u010dasn\u00e9 dob\u011b. Prvn\u00ed ro\u010dn\u00edk festivalu Nezn\u00e1m\u00e1 zem\u011b byl v\u011bnov\u00e1n pades\u00e1t\u00e9mu v\u00fdro\u010d\u00ed startu dvojice Zikmund a Hanzelka, v roce 1947. Miroslav N\u00e1plava &hellip; <\/p>\n<p class=\"link-more\"><a href=\"https:\/\/www.prostoremacasem.cz\/?page_id=232\" class=\"more-link\">Pokra\u010dovat ve \u010dten\u00ed<span class=\"screen-reader-text\"> &#8222;Camera Incognita&#8220;<\/span><\/a><\/p>\n","protected":false},"author":1,"featured_media":0,"parent":2,"menu_order":0,"comment_status":"closed","ping_status":"open","template":"","meta":{"footnotes":""},"class_list":["post-232","page","type-page","status-publish","hentry"],"_links":{"self":[{"href":"https:\/\/www.prostoremacasem.cz\/index.php?rest_route=\/wp\/v2\/pages\/232","targetHints":{"allow":["GET"]}}],"collection":[{"href":"https:\/\/www.prostoremacasem.cz\/index.php?rest_route=\/wp\/v2\/pages"}],"about":[{"href":"https:\/\/www.prostoremacasem.cz\/index.php?rest_route=\/wp\/v2\/types\/page"}],"author":[{"embeddable":true,"href":"https:\/\/www.prostoremacasem.cz\/index.php?rest_route=\/wp\/v2\/users\/1"}],"replies":[{"embeddable":true,"href":"https:\/\/www.prostoremacasem.cz\/index.php?rest_route=%2Fwp%2Fv2%2Fcomments&post=232"}],"version-history":[{"count":15,"href":"https:\/\/www.prostoremacasem.cz\/index.php?rest_route=\/wp\/v2\/pages\/232\/revisions"}],"predecessor-version":[{"id":80612,"href":"https:\/\/www.prostoremacasem.cz\/index.php?rest_route=\/wp\/v2\/pages\/232\/revisions\/80612"}],"up":[{"embeddable":true,"href":"https:\/\/www.prostoremacasem.cz\/index.php?rest_route=\/wp\/v2\/pages\/2"}],"wp:attachment":[{"href":"https:\/\/www.prostoremacasem.cz\/index.php?rest_route=%2Fwp%2Fv2%2Fmedia&parent=232"}],"curies":[{"name":"wp","href":"https:\/\/api.w.org\/{rel}","templated":true}]}}